{"id":1077,"date":"2023-11-07T10:22:22","date_gmt":"2023-11-07T07:22:22","guid":{"rendered":"https:\/\/jobs-ms.ch\/?post_type=jobs&#038;p=1077"},"modified":"2024-01-05T17:04:35","modified_gmt":"2024-01-05T14:04:35","slug":"microsoft-cloud-architekt-zurich","status":"publish","type":"jobs","link":"https:\/\/jobs-ms.ch\/microsoft-cloud-architekt-zurich-3016","title":{"rendered":"Microsoft Cloud Architekt \u2013 Z\u00fcrich"},"content":{"rendered":"\n<figure class=\"wp-block-image size-full\"><img loading=\"lazy\" decoding=\"async\" width=\"851\" height=\"315\" src=\"https:\/\/jobs-ms.ch\/wp-content\/uploads\/2023\/09\/03_Microsoft_NET_CRM_SharePoint_Dynamics-1.jpg\" alt=\"\" class=\"wp-image-668\" srcset=\"https:\/\/jobs-ms.ch\/wp-content\/uploads\/2023\/09\/03_Microsoft_NET_CRM_SharePoint_Dynamics-1.jpg 851w, https:\/\/jobs-ms.ch\/wp-content\/uploads\/2023\/09\/03_Microsoft_NET_CRM_SharePoint_Dynamics-1-300x111.jpg 300w, https:\/\/jobs-ms.ch\/wp-content\/uploads\/2023\/09\/03_Microsoft_NET_CRM_SharePoint_Dynamics-1-768x284.jpg 768w\" sizes=\"(max-width: 851px) 100vw, 851px\" \/><\/figure>\n\n\n\n<h1 class=\"wp-block-heading has-text-align-center\"><strong>Verst\u00e4rken Sie das Team des Z\u00fcricher Unternehmens mit Ihrem Fachwissen als Microsoft Cloud Architekt! \u2013 State-of-the-Art-Technologien<\/strong><\/h1>\n\n\n\n<p><\/p>\n\n\n\n<p><strong>Das bringen Sie mit<\/strong><\/p>\n\n\n\n<ul>\n<li>Sie haben ein (Wirtschafts-) Informatikstudium erfolgreich abgeschlossen oder k\u00f6nnen eine entsprechende Qualifikation nachweisen<\/li>\n\n\n\n<li>Von Microsoft Azure, Services, SaaS, PaaS und ganzheitlichen Cloud-Themen bringen Sie sehr gute Kenntnisse mit<\/li>\n\n\n\n<li>Ein gern gesehenes Plus sind Kenntnisse von Microsoft 365<\/li>\n\n\n\n<li>Deutsch und Englisch beherrschen Sie gut in Wort und Schrift, Sie arbeiten gerne im Team, haben ein sicheres Auftreten und verf\u00fcgen \u00fcber gute Kommunikationsf\u00e4higkeiten<\/li>\n<\/ul>\n\n\n\n<p><\/p>\n\n\n\n<p><strong>Das k\u00f6nnen Sie f\u00fcr uns tun<\/strong><\/p>\n\n\n\n<ul>\n<li>Sie \u00fcbernehmen die Beratung der Kunden zur Transformation in die Cloud (inkl. hybride Umgebungen)<\/li>\n\n\n\n<li>Sie entwickeln Cloud-Strategien und die dazugeh\u00f6renden IT-Strategien<\/li>\n\n\n\n<li>Sie \u00fcbernehmen die Konzeption von Architekturen zur Nutzung von Microsoft Cloud-Services<\/li>\n\n\n\n<li>Sie sind zust\u00e4ndig f\u00fcr die Optimierung und Weiterentwicklung der Cloud Governance<\/li>\n<\/ul>\n\n\n\n<p><\/p>\n\n\n\n<p><strong>Das sind Ihre Vorteile<\/strong><\/p>\n\n\n\n<ul>\n<li>Sie erwarten flexibel gestaltbare Arbeitszeiten und auch die Arbeit im Home-Office ist m\u00f6glich<\/li>\n\n\n\n<li>In regelm\u00e4ssigen Weiterbildungen k\u00f6nnen Sie sich fachlich und pers\u00f6nlich immer auf dem aktuellsten Stand halten<\/li>\n\n\n\n<li>In der Firmenkantine erwartet Sie eine gem\u00fctliche Atmosph\u00e4re, die zum Austausch mit den Kollegen einl\u00e4dt<\/li>\n<\/ul>\n\n\n\n<p><\/p>\n\n\n\n<p>Sprechen Sie mit Erik Wirz \/\u00a0<a href=\"tel:+41445150260\" target=\"_blank\" rel=\"noreferrer noopener\">+41 44 515 02 60<\/a>\u00a0\/\u00a0<a href=\"mailto:erik.wirz@w-gruppe.com\" target=\"_blank\" rel=\"noreferrer noopener\">erik.wirz@w-gruppe.com<\/a>\u00a0\/ Ref. 40204<\/p>\n\n\n\n<p>#MicrosoftJobs #CloudArchitectJobs #CloudJobs<\/p>\n","protected":false},"excerpt":{"rendered":"<p>Z\u00fcrich, 7. November 2023. F\u00fcr ein erfolgreiches Unternehmen aus Z\u00fcrich suchen wir nach einem interessierten Microsoft Cloud Architekten, der sich neuen Herausforderungen stellen m\u00f6chte. Bringen Sie hier Ihr Fachwissen und Ihre Ideen ein und steigern Sie den k\u00fcnftigen Unternehmenserfolg. Zahlreiche Benefits warten schon auf Sie!<\/p>\n","protected":false},"featured_media":0,"template":"","job-categories":[35],"job-locations":[45],"_links":{"self":[{"href":"https:\/\/jobs-ms.ch\/feeds\/wp\/v2\/jobs\/1077"}],"collection":[{"href":"https:\/\/jobs-ms.ch\/feeds\/wp\/v2\/jobs"}],"about":[{"href":"https:\/\/jobs-ms.ch\/feeds\/wp\/v2\/types\/jobs"}],"version-history":[{"count":5,"href":"https:\/\/jobs-ms.ch\/feeds\/wp\/v2\/jobs\/1077\/revisions"}],"predecessor-version":[{"id":1435,"href":"https:\/\/jobs-ms.ch\/feeds\/wp\/v2\/jobs\/1077\/revisions\/1435"}],"wp:attachment":[{"href":"https:\/\/jobs-ms.ch\/feeds\/wp\/v2\/media?parent=1077"}],"wp:term":[{"taxonomy":"job-categories","embeddable":true,"href":"https:\/\/jobs-ms.ch\/feeds\/wp\/v2\/job-categories?post=1077"},{"taxonomy":"job-locations","embeddable":true,"href":"https:\/\/jobs-ms.ch\/feeds\/wp\/v2\/job-locations?post=1077"}],"curies":[{"name":"wp","href":"https:\/\/api.w.org\/{rel}","templated":true}]}}

Microsoft Cloud Architekt – Zürich

<figure class="wp-block-image size-full"><img loading="lazy" decoding="async" width="851" height="315" src="https://jobs-ms.ch/wp-content/uploads/2023/09/03_Microsoft_NET_CRM_SharePoint_Dynamics-1.jpg" alt="" class="wp-image-668" srcset="https://jobs-ms.ch/wp-content/uploads/2023/09/03_Microsoft_NET_CRM_SharePoint_Dynamics-1.jpg 851w, https://jobs-ms.ch/wp-content/uploads/2023/09/03_Microsoft_NET_CRM_SharePoint_Dynamics-1-300x111.jpg 300w, https://jobs-ms.ch/wp-content/uploads/2023/09/03_Microsoft_NET_CRM_SharePoint_Dynamics-1-768x284.jpg 768w" sizes="(max-width: 851px) 100vw, 851px" /></figure>



<h1 class="wp-block-heading has-text-align-center"><strong>Verstärken Sie das Team des Züricher Unternehmens mit Ihrem Fachwissen als Microsoft Cloud Architekt! – State-of-the-Art-Technologien</strong></h1>



<p></p>



<p><strong>Das bringen Sie mit</strong></p>



<ul>
<li>Sie haben ein (Wirtschafts-) Informatikstudium erfolgreich abgeschlossen oder können eine entsprechende Qualifikation nachweisen</li>



<li>Von Microsoft Azure, Services, SaaS, PaaS und ganzheitlichen Cloud-Themen bringen Sie sehr gute Kenntnisse mit</li>



<li>Ein gern gesehenes Plus sind Kenntnisse von Microsoft 365</li>



<li>Deutsch und Englisch beherrschen Sie gut in Wort und Schrift, Sie arbeiten gerne im Team, haben ein sicheres Auftreten und verfügen über gute Kommunikationsfähigkeiten</li>
</ul>



<p></p>



<p><strong>Das können Sie für uns tun</strong></p>



<ul>
<li>Sie übernehmen die Beratung der Kunden zur Transformation in die Cloud (inkl. hybride Umgebungen)</li>



<li>Sie entwickeln Cloud-Strategien und die dazugehörenden IT-Strategien</li>



<li>Sie übernehmen die Konzeption von Architekturen zur Nutzung von Microsoft Cloud-Services</li>



<li>Sie sind zuständig für die Optimierung und Weiterentwicklung der Cloud Governance</li>
</ul>



<p></p>



<p><strong>Das sind Ihre Vorteile</strong></p>



<ul>
<li>Sie erwarten flexibel gestaltbare Arbeitszeiten und auch die Arbeit im Home-Office ist möglich</li>



<li>In regelmässigen Weiterbildungen können Sie sich fachlich und persönlich immer auf dem aktuellsten Stand halten</li>



<li>In der Firmenkantine erwartet Sie eine gemütliche Atmosphäre, die zum Austausch mit den Kollegen einlädt</li>
</ul>



<p></p>



<p>Sprechen Sie mit Erik Wirz / <a href="tel:+41445150260" target="_blank" rel="noreferrer noopener">+41 44 515 02 60</a> / <a href="mailto:erik.wirz@w-gruppe.com" target="_blank" rel="noreferrer noopener">erik.wirz@w-gruppe.com</a> / Ref. 40204</p>



<p>#MicrosoftJobs #CloudArchitectJobs #CloudJobs</p>

<p>Zürich, 7. November 2023. Für ein erfolgreiches Unternehmen aus Zürich suchen wir nach einem interessierten Microsoft Cloud Architekten, der sich neuen Herausforderungen stellen möchte. Bringen Sie hier Ihr Fachwissen und Ihre Ideen ein und steigern Sie den künftigen Unternehmenserfolg. Zahlreiche Benefits warten schon auf Sie!</p>
