{"id":1214,"date":"2023-12-06T10:52:14","date_gmt":"2023-12-06T07:52:14","guid":{"rendered":"https:\/\/jobs-ms.ch\/?post_type=jobs&#038;p=1214"},"modified":"2024-01-05T17:00:25","modified_gmt":"2024-01-05T14:00:25","slug":"microsoft-cloud-architekt-bern-3","status":"publish","type":"jobs","link":"https:\/\/jobs-ms.ch\/microsoft-cloud-architekt-bern-3-3033","title":{"rendered":"Microsoft Cloud Architekt &#8211; Bern"},"content":{"rendered":"\n<figure class=\"wp-block-image size-full\"><img loading=\"lazy\" decoding=\"async\" width=\"996\" height=\"553\" src=\"https:\/\/jobs-ms.ch\/wp-content\/uploads\/2023\/09\/07_Microsoft_NET_CRM_SharePoint_Dynamics-1.jpg\" alt=\"\" class=\"wp-image-656\" srcset=\"https:\/\/jobs-ms.ch\/wp-content\/uploads\/2023\/09\/07_Microsoft_NET_CRM_SharePoint_Dynamics-1.jpg 996w, https:\/\/jobs-ms.ch\/wp-content\/uploads\/2023\/09\/07_Microsoft_NET_CRM_SharePoint_Dynamics-1-300x167.jpg 300w, https:\/\/jobs-ms.ch\/wp-content\/uploads\/2023\/09\/07_Microsoft_NET_CRM_SharePoint_Dynamics-1-768x426.jpg 768w\" sizes=\"(max-width: 996px) 100vw, 996px\" \/><\/figure>\n\n\n\n<h1 class=\"wp-block-heading has-text-align-center\"><strong>Microsoft Cloud Architekt f\u00fcr ein innovatives Technologieunternehmen aus Bern gesucht! \u2013 Professionelles Onboarding \u2013 Regelm\u00e4ssige Zertifizierungen<\/strong> <\/h1>\n\n\n\n<p><\/p>\n\n\n\n<p><strong>Das bringen Sie mit<\/strong><\/p>\n\n\n\n<ul>\n<li>Sie haben ein Studium der Fachrichtung Informatik bzw. Wirtschaftsinformatik erfolgreich abgeschlossen oder k\u00f6nnen eine vergleichbare Qualifikation nachweisen<\/li>\n\n\n\n<li>Sie bringen gefestigte Kenntnisse in der Konzeption und Implementierung von Microsoft Cloud-L\u00f6sungen mit<\/li>\n\n\n\n<li>Von Azure und weiteren relevanten Microsoft-Technologien haben Sie fundierte Kenntnisse<\/li>\n\n\n\n<li>Von Vorteil w\u00e4ren Zertifizierungen, wie z. B. Microsoft Certified: Azure Solutions Architect<\/li>\n\n\n\n<li>Ihre Deutsch- und Englischkenntnisse sollten gut in Wort und Schrift sein, Sie haben ein sicheres Auftreten, eine aufgeschlossene Pers\u00f6nlichkeit, Durchsetzungsverm\u00f6gen, Kundenorientierung und Teamgeist<\/li>\n<\/ul>\n\n\n\n<p><\/p>\n\n\n\n<p><strong>Das k\u00f6nnen Sie f\u00fcr uns tun<\/strong><\/p>\n\n\n\n<ul>\n<li>Entwurf, Implementierung und Wartung von Microsoft-basierten Cloud-L\u00f6sungen inklusive Azure<\/li>\n\n\n\n<li>Analyse der Kundenanforderungen und Entwicklung spezieller L\u00f6sungen, entsprechend den individuellen Bed\u00fcrfnissen<\/li>\n\n\n\n<li>Beratung der Kunden hinsichtlich Best Practices, Sicherheit und Optimierung der Cloud-Infrastruktur<\/li>\n\n\n\n<li>Enge Zusammenarbeit mit den internen Teams zur Sicherstellung einer reibungslosen Integration von Cloud-Technologien in bestehende Systeme<\/li>\n\n\n\n<li>\u00dcberwachung der Systemleistung, Problembehandlung, Sicherstellung einer kontinuierlichen Verf\u00fcgbarkeit<\/li>\n<\/ul>\n\n\n\n<p><\/p>\n\n\n\n<p><strong>Das sind Ihre Vorteile<\/strong><\/p>\n\n\n\n<ul>\n<li>Sie k\u00f6nnen regelm\u00e4ssig Fortbildungen und Zertifizierungsm\u00f6glichkeiten in Anspruch nehmen<\/li>\n\n\n\n<li>Ihre Arbeitszeiten sind flexible und Sie haben die M\u00f6glichkeit Home-Office-Tage einzulegen<\/li>\n\n\n\n<li>Eingesetzt werden Sie in einem Spitzen-Team, dass Sie professionell einarbeitet<\/li>\n\n\n\n<li>Flache Hierarchien sorgen f\u00fcr eine schnelle Umsetzung von L\u00f6sungsvorschl\u00e4gen<\/li>\n<\/ul>\n\n\n\n<p>Sprechen Sie mit Erik Wirz \/\u00a0<a href=\"tel:+41445150260\" target=\"_blank\" rel=\"noreferrer noopener\">+41 44 515 02 60<\/a>\u00a0\/\u00a0<a href=\"mailto:erik.wirz@w-gruppe.com\" target=\"_blank\" rel=\"noreferrer noopener\">erik.wirz@w-gruppe.com<\/a>\u00a0\/ Ref. 40215<\/p>\n\n\n\n<p>#MicrosoftJobs #CloudArchitectJobs #CloudJobs<\/p>\n","protected":false},"excerpt":{"rendered":"<p>Bern, 6. Dezember 2023. Unterst\u00fctzen Sie als Microsoft Cloud Architekt die digitale Transformation der Kunden unseres Auftraggebers. Als innovatives Technologieunternehmen hat sich unser Kunde in seiner Branche einen guten Namen gemacht und m\u00f6chte nun sein Team aus hervorragenden Fachkr\u00e4ften durch Sie, einem engagierten Microsoft Cloud Architekten, erweitern. Freuen Sie sich auf interessante Aufgaben und ein umfangreiches Vorteilspaket!<\/p>\n","protected":false},"featured_media":0,"template":"","job-categories":[35],"job-locations":[46],"_links":{"self":[{"href":"https:\/\/jobs-ms.ch\/feeds\/wp\/v2\/jobs\/1214"}],"collection":[{"href":"https:\/\/jobs-ms.ch\/feeds\/wp\/v2\/jobs"}],"about":[{"href":"https:\/\/jobs-ms.ch\/feeds\/wp\/v2\/types\/jobs"}],"version-history":[{"count":5,"href":"https:\/\/jobs-ms.ch\/feeds\/wp\/v2\/jobs\/1214\/revisions"}],"predecessor-version":[{"id":1418,"href":"https:\/\/jobs-ms.ch\/feeds\/wp\/v2\/jobs\/1214\/revisions\/1418"}],"wp:attachment":[{"href":"https:\/\/jobs-ms.ch\/feeds\/wp\/v2\/media?parent=1214"}],"wp:term":[{"taxonomy":"job-categories","embeddable":true,"href":"https:\/\/jobs-ms.ch\/feeds\/wp\/v2\/job-categories?post=1214"},{"taxonomy":"job-locations","embeddable":true,"href":"https:\/\/jobs-ms.ch\/feeds\/wp\/v2\/job-locations?post=1214"}],"curies":[{"name":"wp","href":"https:\/\/api.w.org\/{rel}","templated":true}]}}

<figure class="wp-block-image size-full"><img loading="lazy" decoding="async" width="996" height="553" src="https://jobs-ms.ch/wp-content/uploads/2023/09/07_Microsoft_NET_CRM_SharePoint_Dynamics-1.jpg" alt="" class="wp-image-656" srcset="https://jobs-ms.ch/wp-content/uploads/2023/09/07_Microsoft_NET_CRM_SharePoint_Dynamics-1.jpg 996w, https://jobs-ms.ch/wp-content/uploads/2023/09/07_Microsoft_NET_CRM_SharePoint_Dynamics-1-300x167.jpg 300w, https://jobs-ms.ch/wp-content/uploads/2023/09/07_Microsoft_NET_CRM_SharePoint_Dynamics-1-768x426.jpg 768w" sizes="(max-width: 996px) 100vw, 996px" /></figure>



<h1 class="wp-block-heading has-text-align-center"><strong>Microsoft Cloud Architekt für ein innovatives Technologieunternehmen aus Bern gesucht! – Professionelles Onboarding – Regelmässige Zertifizierungen</strong> </h1>



<p></p>



<p><strong>Das bringen Sie mit</strong></p>



<ul>
<li>Sie haben ein Studium der Fachrichtung Informatik bzw. Wirtschaftsinformatik erfolgreich abgeschlossen oder können eine vergleichbare Qualifikation nachweisen</li>



<li>Sie bringen gefestigte Kenntnisse in der Konzeption und Implementierung von Microsoft Cloud-Lösungen mit</li>



<li>Von Azure und weiteren relevanten Microsoft-Technologien haben Sie fundierte Kenntnisse</li>



<li>Von Vorteil wären Zertifizierungen, wie z. B. Microsoft Certified: Azure Solutions Architect</li>



<li>Ihre Deutsch- und Englischkenntnisse sollten gut in Wort und Schrift sein, Sie haben ein sicheres Auftreten, eine aufgeschlossene Persönlichkeit, Durchsetzungsvermögen, Kundenorientierung und Teamgeist</li>
</ul>



<p></p>



<p><strong>Das können Sie für uns tun</strong></p>



<ul>
<li>Entwurf, Implementierung und Wartung von Microsoft-basierten Cloud-Lösungen inklusive Azure</li>



<li>Analyse der Kundenanforderungen und Entwicklung spezieller Lösungen, entsprechend den individuellen Bedürfnissen</li>



<li>Beratung der Kunden hinsichtlich Best Practices, Sicherheit und Optimierung der Cloud-Infrastruktur</li>



<li>Enge Zusammenarbeit mit den internen Teams zur Sicherstellung einer reibungslosen Integration von Cloud-Technologien in bestehende Systeme</li>



<li>Überwachung der Systemleistung, Problembehandlung, Sicherstellung einer kontinuierlichen Verfügbarkeit</li>
</ul>



<p></p>



<p><strong>Das sind Ihre Vorteile</strong></p>



<ul>
<li>Sie können regelmässig Fortbildungen und Zertifizierungsmöglichkeiten in Anspruch nehmen</li>



<li>Ihre Arbeitszeiten sind flexible und Sie haben die Möglichkeit Home-Office-Tage einzulegen</li>



<li>Eingesetzt werden Sie in einem Spitzen-Team, dass Sie professionell einarbeitet</li>



<li>Flache Hierarchien sorgen für eine schnelle Umsetzung von Lösungsvorschlägen</li>
</ul>



<p>Sprechen Sie mit Erik Wirz / <a href="tel:+41445150260" target="_blank" rel="noreferrer noopener">+41 44 515 02 60</a> / <a href="mailto:erik.wirz@w-gruppe.com" target="_blank" rel="noreferrer noopener">erik.wirz@w-gruppe.com</a> / Ref. 40215</p>



<p>#MicrosoftJobs #CloudArchitectJobs #CloudJobs</p>

<p>Bern, 6. Dezember 2023. Unterstützen Sie als Microsoft Cloud Architekt die digitale Transformation der Kunden unseres Auftraggebers. Als innovatives Technologieunternehmen hat sich unser Kunde in seiner Branche einen guten Namen gemacht und möchte nun sein Team aus hervorragenden Fachkräften durch Sie, einem engagierten Microsoft Cloud Architekten, erweitern. Freuen Sie sich auf interessante Aufgaben und ein umfangreiches Vorteilspaket!</p>
