{"id":707,"date":"2023-09-29T12:05:45","date_gmt":"2023-09-29T09:05:45","guid":{"rendered":"https:\/\/jobs-ms.ch\/?post_type=jobs&#038;p=707"},"modified":"2024-01-05T17:15:53","modified_gmt":"2024-01-05T14:15:53","slug":"microsoft-365sharepoint-berater-bern","status":"publish","type":"jobs","link":"https:\/\/jobs-ms.ch\/microsoft-365sharepoint-berater-bern-1912","title":{"rendered":"Microsoft 365\/SharePoint Berater &#8211; Bern"},"content":{"rendered":"\n<figure class=\"wp-block-image size-full\"><img loading=\"lazy\" decoding=\"async\" width=\"851\" height=\"484\" src=\"https:\/\/jobs-ms.ch\/wp-content\/uploads\/2023\/09\/10_Type2022_gm-3.jpg\" alt=\"\" class=\"wp-image-708\" srcset=\"https:\/\/jobs-ms.ch\/wp-content\/uploads\/2023\/09\/10_Type2022_gm-3.jpg 851w, https:\/\/jobs-ms.ch\/wp-content\/uploads\/2023\/09\/10_Type2022_gm-3-300x171.jpg 300w, https:\/\/jobs-ms.ch\/wp-content\/uploads\/2023\/09\/10_Type2022_gm-3-768x437.jpg 768w\" sizes=\"(max-width: 851px) 100vw, 851px\" \/><\/figure>\n\n\n\n<h3 class=\"wp-block-heading has-text-align-center\">Stellenbeschreibung<\/h3>\n\n\n\n<h1 class=\"wp-block-heading has-text-align-center\">Gehen Sie den n\u00e4chsten Schritt auf Ihrer Karriereleiter als Microsoft 365\/SharePoint Berater in Bern! &#8211; \u00dcberdurchschnittliches Gehalt &#8211; Pers\u00f6nliche Weiterbildungen<\/h1>\n\n\n\n<p><strong>Ihre Aufgabe<\/strong><\/p>\n\n\n\n<ul>\n<li>Beratung der Kunden zu Implementierung und Abbildung von Prozessen<\/li>\n\n\n\n<li>In enger Zusammenarbeit mit den Fachbereichen Erarbeitung von innovativen L\u00f6sungen<\/li>\n\n\n\n<li>Unterst\u00fctzung bei der Konfiguration der Microsoft 365\/SharePoint Online Umgebung<\/li>\n\n\n\n<li>Mitarbeit in agilen Projekten im Bereich Microsoft 365\/SharePoint<\/li>\n\n\n\n<li>\u00dcbernahme der Funktion des Ansprechpartners f\u00fcr die Anwender, regelm\u00e4ssige Abstimmung und Unterst\u00fctzung sowie Dokumentationserstellung<\/li>\n<\/ul>\n\n\n\n<p><strong>Ihr Profil<\/strong><\/p>\n\n\n\n<ul>\n<li>Als Grundlage verf\u00fcgen Sie \u00fcber ein IT-Studium oder eine \u00e4hnliche Qualifikation<\/li>\n\n\n\n<li>Sie verf\u00fcgen \u00fcber mehrj\u00e4hrige Erfahrung im Bereich Microsoft 365\/SharePoint, entweder als Berater oder als Administrator<\/li>\n\n\n\n<li>Von Power Platform, Microsoft Teams, OneDrive for Business haben Sie gute Kenntnisse<\/li>\n\n\n\n<li>Ihr Deutsch sollte verhandlungssicher sein, Ihr Englisch gut<\/li>\n\n\n\n<li>Sie haben eine aufgeschlossene Pers\u00f6nlichkeit, bringen Kundenorientierung, gute Kommunikationsf\u00e4higkeiten und eine analytische Denkweise mit<\/li>\n<\/ul>\n\n\n\n<p><strong>Ihre Vorteile<\/strong><\/p>\n\n\n\n<ul>\n<li>Mobiles Arbeiten und flexible Arbeitszeiten sind f\u00fcr unseren Kunden selbstverst\u00e4ndlich<\/li>\n\n\n\n<li>Pers\u00f6nliche Weiterbildungsm\u00f6glichkeiten sind Ihnen sicher<\/li>\n\n\n\n<li>Der Einstieg wird durch ein professionelles Onboarding leicht gemacht<\/li>\n\n\n\n<li>Das Unternehmen legt grossen Wert auf die Gesundheit sowie eine gute Vereinbarkeit von Beruf und Familie<\/li>\n<\/ul>\n\n\n\n<p>Sprechen Sie mit Erik Wirz \/\u00a0<a href=\"tel:+41445150260\" target=\"_blank\" rel=\"noreferrer noopener\">+41 44 515 02 60<\/a>\u00a0\/\u00a0<a href=\"mailto:erik.wirz@w-gruppe.com\" target=\"_blank\" rel=\"noreferrer noopener\">erik.wirz@w-gruppe.com<\/a>\u00a0\/ Ref. 42725<\/p>\n\n\n\n<p>#MicrosoftJobs #SharePointJobs #MicrosoftSharePointJobs #MicrosoftOffice365 #Microsoft365Jobs<a href=\"https:\/\/www.jobs-ms-ch.preview-domain.com\/fxmodules\/page.php?page=vacancies.php&amp;submitted=true&amp;keywords=&amp;category=&amp;location=&amp;job_type=&amp;minimum_salary=&amp;maximum_salary=\"><\/a><\/p>\n","protected":false},"excerpt":{"rendered":"<p>Gehen Sie den n\u00e4chsten Schritt auf Ihrer Karriereleiter als Microsoft 365\/SharePoint Berater in Bern! &#8211; \u00dcberdurchschnittliches Gehalt &#8211; Pers\u00f6nliche Weiterbildungen<\/p>\n","protected":false},"featured_media":0,"template":"","job-categories":[41],"job-locations":[46],"_links":{"self":[{"href":"https:\/\/jobs-ms.ch\/feeds\/wp\/v2\/jobs\/707"}],"collection":[{"href":"https:\/\/jobs-ms.ch\/feeds\/wp\/v2\/jobs"}],"about":[{"href":"https:\/\/jobs-ms.ch\/feeds\/wp\/v2\/types\/jobs"}],"version-history":[{"count":5,"href":"https:\/\/jobs-ms.ch\/feeds\/wp\/v2\/jobs\/707\/revisions"}],"predecessor-version":[{"id":1453,"href":"https:\/\/jobs-ms.ch\/feeds\/wp\/v2\/jobs\/707\/revisions\/1453"}],"wp:attachment":[{"href":"https:\/\/jobs-ms.ch\/feeds\/wp\/v2\/media?parent=707"}],"wp:term":[{"taxonomy":"job-categories","embeddable":true,"href":"https:\/\/jobs-ms.ch\/feeds\/wp\/v2\/job-categories?post=707"},{"taxonomy":"job-locations","embeddable":true,"href":"https:\/\/jobs-ms.ch\/feeds\/wp\/v2\/job-locations?post=707"}],"curies":[{"name":"wp","href":"https:\/\/api.w.org\/{rel}","templated":true}]}}

<figure class="wp-block-image size-full"><img loading="lazy" decoding="async" width="851" height="484" src="https://jobs-ms.ch/wp-content/uploads/2023/09/10_Type2022_gm-3.jpg" alt="" class="wp-image-708" srcset="https://jobs-ms.ch/wp-content/uploads/2023/09/10_Type2022_gm-3.jpg 851w, https://jobs-ms.ch/wp-content/uploads/2023/09/10_Type2022_gm-3-300x171.jpg 300w, https://jobs-ms.ch/wp-content/uploads/2023/09/10_Type2022_gm-3-768x437.jpg 768w" sizes="(max-width: 851px) 100vw, 851px" /></figure>



<h3 class="wp-block-heading has-text-align-center">Stellenbeschreibung</h3>



<h1 class="wp-block-heading has-text-align-center">Gehen Sie den nächsten Schritt auf Ihrer Karriereleiter als Microsoft 365/SharePoint Berater in Bern! &#8211; Überdurchschnittliches Gehalt &#8211; Persönliche Weiterbildungen</h1>



<p><strong>Ihre Aufgabe</strong></p>



<ul>
<li>Beratung der Kunden zu Implementierung und Abbildung von Prozessen</li>



<li>In enger Zusammenarbeit mit den Fachbereichen Erarbeitung von innovativen Lösungen</li>



<li>Unterstützung bei der Konfiguration der Microsoft 365/SharePoint Online Umgebung</li>



<li>Mitarbeit in agilen Projekten im Bereich Microsoft 365/SharePoint</li>



<li>Übernahme der Funktion des Ansprechpartners für die Anwender, regelmässige Abstimmung und Unterstützung sowie Dokumentationserstellung</li>
</ul>



<p><strong>Ihr Profil</strong></p>



<ul>
<li>Als Grundlage verfügen Sie über ein IT-Studium oder eine ähnliche Qualifikation</li>



<li>Sie verfügen über mehrjährige Erfahrung im Bereich Microsoft 365/SharePoint, entweder als Berater oder als Administrator</li>



<li>Von Power Platform, Microsoft Teams, OneDrive for Business haben Sie gute Kenntnisse</li>



<li>Ihr Deutsch sollte verhandlungssicher sein, Ihr Englisch gut</li>



<li>Sie haben eine aufgeschlossene Persönlichkeit, bringen Kundenorientierung, gute Kommunikationsfähigkeiten und eine analytische Denkweise mit</li>
</ul>



<p><strong>Ihre Vorteile</strong></p>



<ul>
<li>Mobiles Arbeiten und flexible Arbeitszeiten sind für unseren Kunden selbstverständlich</li>



<li>Persönliche Weiterbildungsmöglichkeiten sind Ihnen sicher</li>



<li>Der Einstieg wird durch ein professionelles Onboarding leicht gemacht</li>



<li>Das Unternehmen legt grossen Wert auf die Gesundheit sowie eine gute Vereinbarkeit von Beruf und Familie</li>
</ul>



<p>Sprechen Sie mit Erik Wirz / <a href="tel:+41445150260" target="_blank" rel="noreferrer noopener">+41 44 515 02 60</a> / <a href="mailto:erik.wirz@w-gruppe.com" target="_blank" rel="noreferrer noopener">erik.wirz@w-gruppe.com</a> / Ref. 42725</p>



<p>#MicrosoftJobs #SharePointJobs #MicrosoftSharePointJobs #MicrosoftOffice365 #Microsoft365Jobs<a href="https://www.jobs-ms-ch.preview-domain.com/fxmodules/page.php?page=vacancies.php&amp;submitted=true&amp;keywords=&amp;category=&amp;location=&amp;job_type=&amp;minimum_salary=&amp;maximum_salary="></a></p>

<p>Gehen Sie den nächsten Schritt auf Ihrer Karriereleiter als Microsoft 365/SharePoint Berater in Bern! &#8211; Überdurchschnittliches Gehalt &#8211; Persönliche Weiterbildungen</p>
